 be j(d). Let a be (6/(-18))/((-1)/y). What is x(a)?
5
Let m be (36/(-6))/((-5)/(-40)*-6). Let q(a) = -a**2 + 8*a + 11. What is q(m)?
11
Let j(i) = 22*i - 10. Let f(v) = 9*v - 4. Let d(m) = -12*f(m) + 5*j(m). Calculate d(8).
14
Let q be 6/4*-2 - -7. Let v(j) = -j**2 - 5*j - 3*j**2 + 1 + j**2. Let w(l) = -8*l**2 - 15*l + 2. Let z(i) = -11*v(i) + 4*w(i). What is z(q)?
-7
Let m be 2/5 - 28/(-5). Let l = 13 - 5. Let j(k) = 5*k**2 + l*k - 5*k**2 - k**2 - 4. What is j(m)?
8
Suppose -3*z - 15 = -2*k, 0 = -2*k - 0*k. Let u(d) = d**3 + 5*d**2 - 6*d - 2. Calculate u(z).
28
Let t(s) be the second derivative of 5/12*s**4 + 0 - 3*s**2 + s**3 - 1/20*s**5 + 10*s. Let q be (-2)/(-7) + 120/21. Give t(q).
-6
Let t(u) = -4*u + 1. Suppose -y = -2*f - 10, -19 = -3*y + 5*f + 8. Suppose -3*l - 2 + 8 = 0. Suppose l*p = -y*p + 12. Give t(p).
-7
Let z(w) = -w**3 + 3 + 0*w**3 - 52*w + 13*w**2 + 40*w + 4. Let l be z(12). Suppose 5*r = l*r. Let h(k) = k**2 - k + 13. What is h(r)?
13
Suppose -2*y + 7 + 1 = 4*w, -3*w + 2*y - 8 = 0. Suppose -3*u - 3*d + 1 + 2 = w, 4*u + d = 19. Let f(j) = -5 + u*j + 4 - 2*j. What is f(-2)?
-9
Let r(j) = -j + 7. Let p be r(7). Suppose -3*y + 7*y = 0. Let m(d) = d + y*d - d**2 + 0*d. Calculate m(p).
0
Let b(o) be the third derivative of o**5/60 - o**3/2 + 2*o**2. Suppose -4*g + 5*g - 28 = 0. Let r = 25 - g. Calculate b(r).
6
Let m(o) = 2*o**3 - 15*o**2 + 13*o + 11. Let v(b) = -b**3 + 7*b**2 - 6*b - 5. Let q be (5 + -1 - 0)/(4/6). Let c(y) = q*m(y) + 13*v(y). Give c(2).
-3
Let h(z) = z**3 + z**2 - 2*z + 1. Suppose -4*k + 0 = -16. Suppose -k*v - v = -20. Suppose v*q = 5*l + 2, 5*l + 3*q = -5 - 11. Give h(l).
1
Let k(s) = 45*s - 302. Let q(o) = -11*o + 73. Let j(l) = -2*k(l) - 9*q(l). Calculate j(6).
1
Let o(c) = -40*c - 127. Let w be o(-3). Let v(h) = 4*h + 17. Determine v(w).
-11
Let x(u) = -2*u - 2. Let q = -7 - -12. Let v(d) = -4*d + 17. Let t be v(q). What is x(t)?
4
Let w be (-28)/8*12/7. Let b(v) = -v**3 - 7*v**2 - 5*v + 1. Determine b(w).
-5
Let v = -27 + 42. Let n(r) = 6*r**2 - 8*r + r**3 + 17*r - v*r**2 - 8. Determine n(8).
0
Suppose 2*y + 19 - 15 = 0. Let x(b) = -b**2 - 4*b - 3. Let f be x(y). Let d(o) = 4 - f + o - 3*o + 3*o. Give d(-5).
-2
Let y(a) be the first derivative of a**6/120 + a**5/15 + a**4/6 + a**3 + 15*a**2 - 32. Let d(b) be the second derivative of y(b). What is d(-4)?
-10
Let l(u) be the first derivative of u**4/4 + 2*u**3 + 3*u**2 + 3*u + 23. Give l(-5).
-2
Let q(d) = 8*d + 6*d - 7 - 23*d + 10*d. Determine q(-6).
-13
Suppose -2 = 2*y, n + 0*n + y = 3. Let v(i) = 5*i**3 + 9*i**2 + 10*i - 6. Let o(b) = -4*b**3 - 8*b**2 - 9*b + 5. Let z(g) = 6*o(g) + 5*v(g). Calculate z(n).
0
Let f(d) = -d**3 - 3*d**2 + 2*d - 1. Let y = -6 - -53. Suppose 3*v - 3*h = -39, -2*v - 7*h = -2*h + y. Let b(p) = -p - 20. Let j be b(v). Determine f(j).
7
Let u(k) = 2*k + 4. Let h = 290 + -296. What is u(h)?
-8
Let n(s) = -5*s - 55. Let r be n(-11). Let d(x) = -2*x**2 + x - 10. What is d(r)?
-10
Let h be 1 - -2 - 3 - -12. Suppose -3*f - f = -h. Let d(x) = 1 - 3*x**3 + 0 - f*x**3. Calculate d(-1).
7
Let a(z) = 13*z**2 - 16*z + 22. Let t(r) = 5*r**2 - 5*r + 7. Let q(g) = 3*a(g) - 8*t(g). Let f be (-1)/(-2 + 38/18). Determine q(f).
1
Let a(n) = -2*n - 31. Let z be a(-13). Let b(r) = -r - 1. Calculate b(z).
4
Let u = 7 - 7. Suppose -2*p + 8*p = u. Let n(v) = -v**3 + v + 11. Give n(p).
11
Let g be (-1)/6*-10*(-18)/(-15). Let n(r) = 0*r + 2*r - r - 2. Let w(m) = -m + 1. Let l(i) = g*w(i) + n(i). Calculate l(-2).
2
Let k(l) = l**2 - 7*l + 9. Let f be k(6). Let z(o) = o - 3*o**f - o**3 - o. Suppose 2*s + 7*x - 7 = 2*x, s + 5*x = 6. What is z(s)?
-4
Let d(c) = -5*c + 2. Suppose -5*l + 3*a = -5 - 0, -5 = -a. What is d(l)?
-18
Let k(s) = s**3 + 9*s**2 + 14*s - 5. Let p be k(-7). Let w(j) = j**2 + 5*j. Calculate w(p).
0
Let b(d) = -457*d - 9 + 11 + 458*d. Give b(3).
5
Let i(r) be the second derivative of r**6/360 + r**5/20 - 11*r**4/24 + 14*r**3/3 + 13*r. Let u(d) be the second derivative of i(d). Determine u(-8).
5
Let a(p) = -150*p - 290. Let c be a(-2). Let t(b) = -5 - 2*b + 3*b + 4. Give t(c).
9
Suppose -2*t = t - 3. Let m(g) be the third derivative of g**5/15 + 2052*g**2. Determine m(t).
4
Let z(c) be the first derivative of c**3/3 - 9*c**2/2 + 3*c + 76. Calculate z(7).
-11
Let a = -7 + 13. Let l(m) be the first derivative of m**5/20 - 7*m**4/12 + 5*m**3/6 - m - 11. Let x(i) be the first derivative of l(i). Determine x(a).
-6
Suppose 5*i = i - 8. Let d(m) = -m**2 + 2. Let z be d(i). Let j(l) be the second derivative of l**4/3 + l**3/3 + 1679*l. Calculate j(z).
12
Let w(k) = -8*k + k**3 + 1 + 2*k**2 + 15*k - 7*k**2 - 5. Give w(5).
31
Suppose 2*h + 0*h - 144 = 0. Let a(b) = b - 2*b - 76 + h. Let s = 15 + -21. Determine a(s).
2
Let r = -24 - -39. Suppose 0 = -7*m + 2*m + r. Let s(x) = -9 + m - x + 4. Calculate s(2).
-4
Let m(b) = -28*b - 29. Let r(a) = 51*a + 56. Let x(k) = 11*m(k) + 6*r(k). What is x(13)?
-9
Suppose -5*p - 31 = 4*a, 7*p - 6*p = -3. Let z(f) = -5*f. Determine z(a).
20
Let k(y) = -y + 4. Suppose 46 = 4*c - 34. Let f = c + -38. Let v be -3*3/f*10. Determine k(v).
-1
Let l(q) = q**3 + 7*q**2 + 6. Suppose -k - 30 = k. Let y be (-3)/(-2)*70/k. Calculate l(y).
6
Let a(r) be the second derivative of 0*r**4 - r + 3/10*r**5 + 0 + 0*r**2 + 0*r**3. Let x(z) = z**2 - 3*z - 1. Let c be x(3). Determine a(c).
-6
Let q = -6 - -3. Let l = -13 + 15. Let u(c) = 9*c**3 - 7*c**3 + 4 + 2*c - c**3 + 4*c**l. Calculate u(q).
7
Let s(n) = -7*n. Suppose -9*g = -13*g - 24. Let b be 9/g*((-14)/6 - -3). Calculate s(b).
7
Let o be (-2 - -5)*-1*-1. Suppose 4*a - o = 21. Let j(b) be the third derivative of -b**4/24 + 7*b**3/6 + 41*b**2. Calculate j(a).
1
Let p(w) be the first derivative of 2*w**2 - 18*w + 11. Give p(5).
2
Let h(a) = 4039*a + a**2 - 4043*a - 2 - 2*a**2 + 3. Let m(v) = v + 3. Let b be m(-5). Determine h(b).
5
Suppose 3*u - 20 = -50. Let q(y) = -y**3 - 9*y**2 + 11*y + 5. Give q(u).
-5
Let m(w) = -w**2 + 12*w - 14. Let v(b) = b**2 - 13*b + 15. Let i = -10 + 5. Let n(k) = i*v(k) - 6*m(k). Suppose 27 - 45 = -3*d. Give n(d).
3
Let a(w) = -5 - 7*w - 7*w**2 - 1 + 20*w**3 - 21*w**3 - 3. Give a(-6).
-3
Let w(d) = 3*d**3 + d**2 - 1. Suppose -t + 2*b + 1 = 0, -6*b + 3*b = -t + 2. What is w(t)?
-3
Let h(f) be the second derivative of f**5/60 - f**4/24 + f**3 - 7*f. Let d(j) be the second derivative of h(j). Determine d(-4).
-9
Let d = -72 - -70. Let f(t) = -2*t + 2 + 33*t**2 - 35*t**2 - 1. Calculate f(d).
-3
Let w(i) = -i**3 - i**2 + 3. Let l(a) = 3*a + 19. Let h(p) = -12*p - 75. Let d(t) = -2*h(t) - 9*l(t). Let s(x) = x. Let m be s(-7). Let z be d(m). Give w(z).
3
Let n(b) = -61*b**3 - 23*b + 62*b**3 - 5 + 32*b + 10*b**2. Let c be -2 + 4 - 3 - 8. Give n(c).
-5
Let r(w) = -w**3 - 6*w**2 + 2*w + 5. Let n be (-160)/27 - (3 + 948/(-324)). What is r(n)?
-7
Let c = 338 - 330. Let t(w) = -5 - 5 + w - 2*w**2 - w**3 + 10*w**2 + 2. Give t(c).
0
Suppose -14 = 3*h - 26. Let s(k) = -k**3 + 5 - 4*k**3 + 0*k**3 + 2*k + 4*k**3 - h*k**2. Determine s(-4).
-3
Let l(w) be the first derivative of -w**5/60 + w**4/12 + w**3/6 - 17*w**2/2 - 37. Let q(c) be the second derivative of l(c). Give q(5).
-14
Let h(w) = 5*w**3 + 8*w**2 + w. Let x(q) be the first derivative of q**4/4 + q**3/3 - q**2/2 - q + 13. Let m(s) = -h(s) + 4*x(s). Give m(-3).
2
Let f(z) = z**2 + 17*z + 4. Let m(r) = r**3 + 9*r**2 + 25*r + 8. Let i be m(-5). Give f(i).
4
Suppose -16*h + 57 - 25 = 0. Let b(n) = 3*n**2 - 2*n + 1. Determine b(h).
9
Let n be (-2)/3 - (-112)/24. Suppose 4*v = n, -v = -5*s - 4*v + 23. Let y(q) = -3 - 2*q + s + 1. Calculate y(2).
-2
Let w(v) = v + 74 - 2*v - 33 + 0*v - 36. Calculate w(-4).
9
Let q = 2 - -4. Let u(o) be the first derivative of 3*o**2/2 + 6*o - 37. Calculate u(q).
24
Let z(k) be the second derivative of -k**5/20 + k**3/6 - 29*k**2/2 + 2*k - 16. Calculate z(0).
-29
Let c(m) = -24*m - 1 - 24*m + 53*m. Calculate c(5).
24
Suppose -r + 5*w + 4 = -2*r, 4*w = -2*r - 2. Suppose -r = -4*g - 17. Let s(k) = 72 + k**2 + k - 74 + 2*k. What is s(g)?
2
Let m(g) be the third derivative of g**4/24 + 2*g**3/3 + 2*g**2. Let l be m(0). Let o be (l/3)/((-32)/(-72)). Let k(t) = -2*t - 4. What is k(o)?
-10
Let r(q) = q + 3 + 3*q**2 + 0*q**2 + 2*q. Suppose 0 = -3*u - 1473 + 1467. Calculate r(u).
9
Let f(n) 